{"id":2,"date":"2024-02-10T19:40:50","date_gmt":"2024-02-10T18:40:50","guid":{"rendered":"http:\/\/halvorkjerkreit.no\/?page_id=2"},"modified":"2025-01-29T23:26:23","modified_gmt":"2025-01-29T22:26:23","slug":"testside","status":"publish","type":"page","link":"https:\/\/halvorkjerkreit.no\/","title":{"rendered":"Forside"},"content":{"rendered":"\n<div class=\"wp-block-uagb-container uagb-block-b65413f4 alignfull uagb-is-root-container\"><div class=\"uagb-container-inner-blocks-wrap\">\n<figure class=\"wp-block-image size-large\"><img loading=\"lazy\" decoding=\"async\" width=\"750\" height=\"1024\" src=\"http:\/\/halvorkjerkreit.no\/wp-content\/uploads\/2025\/01\/halvor-750x1024.png\" alt=\"\" class=\"wp-image-20\" srcset=\"https:\/\/halvorkjerkreit.no\/wp-content\/uploads\/2025\/01\/halvor-750x1024.png 750w, https:\/\/halvorkjerkreit.no\/wp-content\/uploads\/2025\/01\/halvor-220x300.png 220w, https:\/\/halvorkjerkreit.no\/wp-content\/uploads\/2025\/01\/halvor-768x1048.png 768w, https:\/\/halvorkjerkreit.no\/wp-content\/uploads\/2025\/01\/halvor-1125x1536.png 1125w, https:\/\/halvorkjerkreit.no\/wp-content\/uploads\/2025\/01\/halvor.png 1298w\" sizes=\"auto, (max-width: 750px) 100vw, 750px\" \/><\/figure>\n\n\n\n<div class=\"wp-block-uagb-container uagb-block-17de7643\">\n<p>Halvor Kjerkreit har utdannelse fra Musikkonservatoriet i Trondheim, Norges Musikkh\u00f8gskole i Oslo og Kunsth\u00f8gskolen i Oslo (operautdanninga). Han har hatt fast stilling som bratsjist i Kristiansand Symfoniorkester, og ellers frilansvirksomhet som bratsjist og sanger. Han har bl.a. medvirket i \u00abDie Lustigen Weiber von Windsor\u00bb av Nicolai, \u00abCosi fan tutte\u00bb og \u00abLe nozze di Figaro\u00bb av Mozart og \u00abGianni Schicchi\u00bb av Puccini. Halvor har hatt en rekke solistoppdrag med kor, korps og orkester.<\/p>\n\n\n\n<p>Dette er&nbsp;musikeren som tok steget opp fra orkestergraven til operascenen. Stemmefaget er bass-baryton, og i tillegg til et stadig \u00f8kende antall rolleparti fremf\u00f8rer han ogs\u00e5 oriatoriemusikk fra ulike epoker.<\/p>\n\n\n\n<p>P\u00e5 grunn av sin allsidighet og det profesjonelle niv\u00e5et p\u00e5 to instrumenter (sang og bratsj) tilbyr han en unik pakke som ut\u00f8ver. Dette inkluderer ogs\u00e5 en fortid innen norsk folkemusikk med tilgang og kjennskap til et rikholdig repertoar<\/p>\n<\/div>\n<\/div><\/div>\n","protected":false},"excerpt":{"rendered":"<p>Halvor Kjerkreit har utdannelse fra Musikkonservatoriet i Trondheim, Norges Musikkh\u00f8gskole i Oslo og Kunsth\u00f8gskolen i Oslo (operautdanninga). Han har hatt [&hellip;]<\/p>\n","protected":false},"author":2,"featured_media":0,"parent":0,"menu_order":0,"comment_status":"closed","ping_status":"closed","template":"","meta":{"_uag_custom_page_level_css":"","site-sidebar-layout":"default","site-content-layout":"","ast-site-content-layout":"","site-content-style":"default","site-sidebar-style":"default","ast-global-header-display":"","ast-banner-title-visibility":"","ast-main-header-display":"","ast-hfb-above-header-display":"","ast-hfb-below-header-display":"","ast-hfb-mobile-header-display":"","site-post-title":"disabled","ast-breadcrumbs-content":"","ast-featured-img":"","footer-sml-layout":"","theme-transparent-header-meta":"","adv-header-id-meta":"","stick-header-meta":"","header-above-stick-meta":"","header-main-stick-meta":"","header-below-stick-meta":"","astra-migrate-meta-layouts":"default","ast-page-background-enabled":"default","ast-page-background-meta":{"desktop":{"background-color":"var(--ast-global-color-4)","background-image":"","background-repeat":"repeat","background-position":"center center","background-size":"auto","background-attachment":"scroll","background-type":"","background-media":"","overlay-type":"","overlay-color":"","overlay-opacity":"","overlay-gradient":""},"tablet":{"background-color":"","background-image":"","background-repeat":"repeat","background-position":"center center","background-size":"auto","background-attachment":"scroll","background-type":"","background-media":"","overlay-type":"","overlay-color":"","overlay-opacity":"","overlay-gradient":""},"mobile":{"background-color":"","background-image":"","background-repeat":"repeat","background-position":"center center","background-size":"auto","background-attachment":"scroll","background-type":"","background-media":"","overlay-type":"","overlay-color":"","overlay-opacity":"","overlay-gradient":""}},"ast-content-background-meta":{"desktop":{"background-color":"var(--ast-global-color-5)","background-image":"","background-repeat":"repeat","background-position":"center center","background-size":"auto","background-attachment":"scroll","background-type":"","background-media":"","overlay-type":"","overlay-color":"","overlay-opacity":"","overlay-gradient":""},"tablet":{"background-color":"var(--ast-global-color-5)","background-image":"","background-repeat":"repeat","background-position":"center center","background-size":"auto","background-attachment":"scroll","background-type":"","background-media":"","overlay-type":"","overlay-color":"","overlay-opacity":"","overlay-gradient":""},"mobile":{"background-color":"var(--ast-global-color-5)","background-image":"","background-repeat":"repeat","background-position":"center center","background-size":"auto","background-attachment":"scroll","background-type":"","background-media":"","overlay-type":"","overlay-color":"","overlay-opacity":"","overlay-gradient":""}},"footnotes":""},"class_list":["post-2","page","type-page","status-publish","hentry"],"uagb_featured_image_src":{"full":false,"thumbnail":false,"medium":false,"medium_large":false,"large":false,"1536x1536":false,"2048x2048":false},"uagb_author_info":{"display_name":"Harald Roer","author_link":"https:\/\/halvorkjerkreit.no\/?author=2"},"uagb_comment_info":0,"uagb_excerpt":"Halvor Kjerkreit har utdannelse fra Musikkonservatoriet i Trondheim, Norges Musikkh\u00f8gskole i Oslo og Kunsth\u00f8gskolen i Oslo (operautdanninga). Han har hatt [&hellip;]","_links":{"self":[{"href":"https:\/\/halvorkjerkreit.no\/index.php?rest_route=\/wp\/v2\/pages\/2","targetHints":{"allow":["GET"]}}],"collection":[{"href":"https:\/\/halvorkjerkreit.no\/index.php?rest_route=\/wp\/v2\/pages"}],"about":[{"href":"https:\/\/halvorkjerkreit.no\/index.php?rest_route=\/wp\/v2\/types\/page"}],"author":[{"embeddable":true,"href":"https:\/\/halvorkjerkreit.no\/index.php?rest_route=\/wp\/v2\/users\/2"}],"replies":[{"embeddable":true,"href":"https:\/\/halvorkjerkreit.no\/index.php?rest_route=%2Fwp%2Fv2%2Fcomments&post=2"}],"version-history":[{"count":5,"href":"https:\/\/halvorkjerkreit.no\/index.php?rest_route=\/wp\/v2\/pages\/2\/revisions"}],"predecessor-version":[{"id":29,"href":"https:\/\/halvorkjerkreit.no\/index.php?rest_route=\/wp\/v2\/pages\/2\/revisions\/29"}],"wp:attachment":[{"href":"https:\/\/halvorkjerkreit.no\/index.php?rest_route=%2Fwp%2Fv2%2Fmedia&parent=2"}],"curies":[{"name":"wp","href":"https:\/\/api.w.org\/{rel}","templated":true}]}}